10412615
In base 6, what is 13221552 - -11421?
13233413
In base 16, what is 42905f6 + -3?
42905f3
In base 10, what is -5 + 136362402?
136362397
In base 8, what is -2045303 - -120?
-2045163
In base 13, what is -5168266 + 2?
-5168264
In base 11, what is -142349429 + -2?
-142349430
In base 6, what is -504 - -1551512?
1551004
In base 16, what is -4 - -2648e4?
2648e0
In base 6, what is 352513 - 321?
352152
In base 3, what is 21000102101 + 1?
21000102102
In base 5, what is -33210022 - -12013?
-33143004
In base 12, what is 3 - 26b486?
-26b483
In base 5, what is -2110433041 - -10?
-2110433031
In base 9, what is -1148 + -1277178?
-1278337
In base 11, what is -6 + 4344931?
4344926
In base 14, what is -67 + -23c4ca?
-23c553
In base 16, what is -b6dd35a + 5?
-b6dd355
In base 13, what is -c + 2b5534?
2b5525
In base 9, what is 18 + -15727631?
-15727612
In base 16, what is -16e1 + -dd5a?
-f43b
In base 3, what is -1101 + -111001211122?
-111001220000
In base 13, what is 1338810a + 3?
13388110
In base 12, what is -75 - 948000?
-948075
In base 7, what is 106001 + -64030?
11641
In base 15, what is 7479aa - -6?
7479b1
In base 16, what is -33 + -e446de?
-e44711
In base 13, what is 8bb02 + -33?
8ba9c
In base 15, what is -12ec1 - 43?
-13014
In base 11, what is 38 - 9439699?
-9439661
In base 5, what is -3 + -201230434?
-201230442
In base 12, what is -37abb3 - -18?
-37ab97
In base 2, what is 110101000 + -111001010001100111?
-111001001010111111
In base 13, what is 8b + 106633?
1066c1
In base 9, what is 142065 - -523?
142588
In base 12, what is -8 - -1103131?
1103125
In base 5, what is 10 - 442100301134?
-442100301124
In base 13, what is 2 - -a65750?
a65752
In base 12, what is 1233a91 + -5?
1233a88
In base 7, what is 11506 - -344032?
355541
In base 4, what is -1 - 23012132100?
-23012132101
In base 8, what is 607406721 + 2?
607406723
In base 11, what is 9156440 + 5?
9156445
In base 2, what is 100000010110100000 - -10010100?
100000011000110100
In base 8, what is 2133 + 24660?
27013
In base 6, what is -313315 - 1141?
-314500
In base 13, what is -4 - -86b908?
86b904
In base 16, what is -6d2 - 2278?
-294a
In base 8, what is -4 + -20321400?
-20321404
In base 13, what is 131c87c54 + -3?
131c87c51
In base 9, what is -4 - -206475410?
206475405
In base 15, what is -12688ad - -1?
-12688ac
In base 2, what is -110101010110 + 1110111001001?
1000001110011
In base 14, what is -3 - 138709?
-13870c
In base 5, what is 12420 - 1220340?
-1202420
In base 6, what is 10335 - -3253?
14032
In base 5, what is 10 + 13124414213?
13124414223
In base 2, what is 10111000101010110011 - 10011?
10111000101010100000
In base 8, what is -265 + -4523060?
-4523345
In base 15, what is 103893a2 - -6?
103893a8
In base 5, what is 1030421332032 - 4?
1030421332023
In base 10, what is 8 + 4155264?
4155272
In base 7, what is 331 - -122140630?
122141261
In base 4, what is -10 - -1102221121?
1102221111
In base 2, what is -1011001111111 + 1000100010?
-1010001011101
In base 11, what is -239995610 + -1?
-239995611
In base 15, what is 5a0d48bc - -5?
5a0d48c2
In base 10, what is 187 + 49729?
49916
In base 11, what is 42767a - -52?
427721
In base 10, what is 50 + -72385?
-72335
In base 13, what is 39cc + 7953?
b652
In base 9, what is -48087 + -42441?
-101538
In base 4, what is 0 - 102123230010323?
-102123230010323
In base 5, what is -3410422 - -32?
-3410340
In base 8, what is 50574577 + -30?
50574547
In base 10, what is -37 - 198787?
-198824
In base 2, what is 10110101000010100 + 10111100?
10110101011010000
In base 7, what is 542 - -462651?
463523
In base 7, what is -10455 - -512535?
502050
In base 15, what is -7ab2571 + 0?
-7ab2571
In base 5, what is 2 + -2234411410?
-2234411403
In base 6, what is 1 - 3340155332?
-3340155331
In base 10, what is 963474 - -44?
963518
In base 5, what is 313 - 444133?
-443320
In base 15, what is -2c + 18e109?
18e0cc
In base 3, what is -1011012021121200 + 1?
-1011012021121122
In base 16, what is 38 - 34e7c1?
-34e789
In base 8, what is -2255 - -151?
-2104
In base 4, what is 21 + 2002201110?
2002201131
In base 6, what is -14110453235 + 0?
-14110453235
In base 5, what is -11440311 - 204?
-11441020
In base 5, what is 333 - 11443?
-11110
In base 12, what is -14 + -2a681?
-2a695
In base 3, what is 220 - -2102122101000?
2102122101220
In base 6, what is 1153105 + 53?
1153202
In base 13, what is -2c + 12853ba?
128538b
In base 9, what is 204183484 + -2?
204183482
In base 16, what is -de + -5cc?
-6aa
In base 4, what is 232 - -222313220?
222320112
In base 10, what is -28 - 125186?
-125214
In base 8, what is 115070 - 13612?
101256
In base 9, what is -373 - -663133?
662650
In base 11, what is 1a44 + 80758?
826a1
In base 8, what is 57463 + 7701?
67364
In base 8, what is 2306116 + 10?
2306126
In base 7, what is 3 + -22110620?
-22110614
In base 3, what is 1000210100211 - -110101?
1000210211012
In base 7, what is -1004 + -50061330?
-50062334
In base 8, what is 7350270 - 24?
7350244
In base 4, what is 11 - -210023303?
210023320
In base 4, what is -200123313 + 122312?
-200001001
In base 14, what is 6100b + -192?
60c59
In base 15, what is -352e53c + -5?
-352e542
In base 16, what is 16c773db + 1?
16c773dc
In base 9, what is 22 - 10026018?
-10025886
In base 11, what is 225078 + -143?
224a35
In base 4, what is -232231 + 10201201?
3302310
In base 4, what is -121 - 2023320031?
-2023320212
In base 12, what is 297 + -84224?
-83b49
In base 16, what is 4a56f1 + 4?
4a56f5
In base 13, what is -44 - 66aa4?
-66b18
In base 15, what is 204 + 8562?
8766
In base 5, what is 331011 - 10004?
321002
In base 13, what is 54b5 + 6609?
bac1
In base 9, what is 8136 - -84456?
103603
In base 12, what is -296b472 - 3?
-296b475
In base 8, what is 3616456 - -1?
3616457
In base 7, what is 604 - -2314334?
2315241
In base 10, what is -1281 - -5913?
4632
In base 7, what is 10521 + -224266?
-213445
In base 4, what is 10333 - 3212322?
-3201323
In base 3, what is -22210111110111210 + 1?
-22210111110111202
In base 2, what is 11011100001011110010 - -1001000?
11011100001100111010
In base 7, what is -3 + -3255613011?
-3255613014
In base 16, what is -220bf + 11?
-220ae
In base 8, what is 5 + -516324513?
-516324506
In base 14, what is 2 + -4751720?
-475171c
In base 9, what is 3057 - 5444?
-2376
In base 11, what is 35139 - -112?
35250
In base 9, what is 3178 - 15067?
-11778
In base 3, what is -12120 - -2000011220?
1222222100
In base 3, what is -12 - -10201200011101202?
10201200011101120
In base 14, what is -8ab679 + 1?
-8ab678
In base 8, what is 54314 - -12236?
66552
In base 5, what is 1 + 44312033010?
44312033011
In base 8, what is -46346 - 114?
-46462
In base 3, what is 121221111100 + 1101?
121221112201
In base 10, what is 202199 + 74?
202273
In base 12, what is 4484 - 231?
4253
In base 13, what is -1705b0a0 - a?
-1705b0aa
In base 15, what is -584a5 + -1041?
-594e6
In base 8, what is 215621031 + 71?
215621122
In base 4, what is 11312120321 - -3?
11312120330
In base 10, what is -172041268 + 2?
-172041266
In base 3, what is 12212111100 - 1100?
12212110000
In base 3, what is 10 - 222202020012011111?
-222202020012011101
In base 13, what is 32bac8 - 8?
32bac0
In base 2, what is -11 + 1101101010111100110111?
1101101010111100110100
In base 10, what is -87680 + -1131?
-88811
In base 9, what is -5 - 783036?
-783042
In base 2, what is 1010100010 + -101101001110011010?
-101101000011111000
In base 10, what is -130056 + -48?
-130104
In base 12, what is -1116660 + -11?
-1116671
In base 11, what is -1087a16 + 21?
-10879a5
In base 2, what is -10001110000101 - -11000011110?
-1110101100111
In base 12, what is -225aa278 + 1?
-225aa277
In base 6, what is 0 + 132513541?
132513541
In base 4, what is -3 + -30010003110011?
-30010003110020
In base 4, what is 23101323230 - 20?
23101323210
In base 8, what is -1320 - 132664?
-134204
In base 8, what is -16037077 - -203?
-16036674
In base 12, what is 0 - 508102?
-508102
In base 4, what is 22303 + 10213?
33122
In base 7, what is 2500 - -126120?
131620
In base 4, what is -332233 + -3120021?
-10112320
In base 2, what is -1000100001001011110 - 110?
-1000100001001100100
In base 11, what is -8a - -37580?
374a1
In base 2, what is -1100011010101 - -1111011001?
-1010011111100
In base 14, what is b4983 + -6?
b497b
In base 7, what is -1 + 10262